ber?
True
Let j be (-2 - (-6798)/5)/((-48)/(-120)). Let f be (-3)/9 + 148/12. Suppose -j = f*h - 8134. Is h a prime number?
False
Let s be (-11146)/(-10 - (3 - 7))*-3. Let l = -3394 - s. Is l composite?
False
Let s(g) = -134*g - 8. Let o be s(-8). Suppose -3*p + q = 16 - 42, -4*q = -3*p + 41. Suppose -o + 3843 = p*d. Is d a prime number?
True
Let r(u) be the second derivative of -1/3*u**3 + 20*u - 219/20*u**5 + 0 - u**2 + 0*u**4. Is r(-1) prime?
False
Suppose 0 = 2*g - 23*g + 39816. Suppose 11355 - g = 4*k - 5*q, -5*k = -4*q - 11835. Is k a composite number?
False
Let i = -1108 + 1552. Suppose -1386 = -6*m - i. Is m a composite number?
False
Suppose 3*t + 330 = -d + 4*d, -416 = -4*d - 2*t. Suppose 0 = -4*c - d + 114. Suppose c*w - 3*f - 3971 = 0, w - f - 1968 = 4*f. Is w a composite number?
False
Is (-35 + 16 + -9345)*(-6)/8 a prime number?
False
Let i = -9706 + 18369. Is i composite?
False
Let y = 715480 + -398029. Is y composite?
True
Let l = -3963 - 1265. Let c = l - -12141. Is c a prime number?
False
Suppose -27*q + 28*q + 2*s = 122763, 7 = -s. Is q a prime number?
True
Let l(x) = 22*x - 14. Let g = 26 - 17. Let a be l(g). Suppose 0 = 3*p + a - 847. Is p composite?
True
Let x be 1*2 + 1248/(18/3). Suppose -x*g - 11992 = -218*g. Is g a prime number?
True
Let q(o) = 55022*o + 2117. Is q(27) composite?
False
Let t(c) = -418*c**3 - 10*c**2 + 346*c + 2099. Is t(-6) composite?
True
Let j be (111949 - -7)*6/8. Suppose -12*h = -j + 10011. Is h a composite number?
False
Suppose a = 2*k + 3083 + 9256, -5*k = 5*a - 61650. Is a a composite number?
True
Let l(g) = 1437*g**2 - 23*g - 89. Is l(-8) prime?
False
Let d(i) = 4906*i**2 + 6*i + 5. Let u be d(-1). Suppose u = -8*s + 33361. Is s composite?
False
Let h = 77 - 33. Suppose 4*c = -36 - h. Let t(s) = 2*s**2 - 28*s + 39. Is t(c) a prime number?
True
Let s(n) be the third derivative of 0 - 1/120*n**6 - 19*n**2 + 2/3*n**3 + 4/15*n**5 + 0*n + 1/12*n**4. Is s(15) a prime number?
False
Suppose 55 = 4*x + 55. Let g(d) = 10*d + 211. Is g(x) prime?
True
Let v(c) = -2*c**3 + 6*c**2 - 40. Let h be v(-14). Suppose -3*g - 1647 = -3*b - h, 0 = -b - 2. Is g composite?
False
Suppose -5*n - 34 - 9 = -a, 0 = -a + n + 23. Let k = 20 - a. Suppose k*l - 2312 = -6*l. Is l prime?
False
Is 12748/(-6)*((-11514)/68 - 327/1853) prime?
False
Let t = -55 + 60. Suppose -5*s + t = 5*f, 0*s + 9 = 2*s - 5*f. Is 1 - s - (-1 + 2 - 741) prime?
True
Is (-21 - 372/(-31)) + (-34870)/(-1) composite?
True
Let a be -5*((-2)/1 - -3). Let w(n) be the first derivative of -39*n**2 - 11*n + 101. Is w(a) a prime number?
True
Let d(r) = 1957*r**2 + 80*r + 1495. Is d(-20) a prime number?
False
Let u(s) = 40*s**2 + 16*s - 31. Suppose -n = 106 - 97. Is u(n) prime?
False
Is (-8691319)/(-143) - (63/(-55) + (-21)/(-35)) a composite number?
False
Suppose 0 = -5*x + 10, -3*j + 3*x - 22 = j. Is j/6*8/((-176)/212817) a composite number?
False
Let l = 75 - 63. Suppose w - h - 2 = 0, 3*h = -w - 2*w + l. Suppose w*i - 96 = 3*m, -20 = -3*m - 5. Is i prime?
True
Is (18 - (-19417 - -9)) + 13 composite?
True
Let x(t) = -t**3 - 32*t**2 + 4. Let i be x(-32). Suppose 5*m = -i*h + 9111, -2*m + 3*h = m - 5472. Is m a composite number?
False
Let g(w) = w + 1. Let z(y) = -6*y**2 - 27*y + 2. Let f(s) = g(s) + z(s). Let d(n) = -n. Let b(c) = 6*d(c) - f(c). Is b(8) a composite number?
False
Let n = -6447 - -71078. Suppose 5*g = v + 117077, 0 = -3*g - 4*v + n + 5606. Is g/20 - 3/(-12) a composite number?
False
Suppose 89*t + 1613869 - 6703654 = 4064666. Is t prime?
True
Let b = -31024 + 44494. Is (24/(-36))/((-4)/b) prime?
False
Suppose l - 187826 = -w + 39282, -908444 = -4*l - 2*w. Is l composite?
True
Suppose -3*m - 11 = -26. Let g(v) = -52*v + 24. Let c be g(m). Let u = -125 - c. Is u a prime number?
False
Suppose -2*w + 21190 = 8*w. Suppose 4*i - 6922 = -2*y, -3*i + 3055 = 5*y - w. Is i prime?
True
Let o = 874053 - 511550. Is o composite?
True
Let q = 30 - 24. Let v(l) = l**2 - l - 20 + q*l + 36 - 9. Is v(15) a composite number?
False
Let o = 525398 - -588076. Is (-22)/(-121) + (o/33)/2 composite?
False
Let l = 78976 + -16038. Is 96/(-64)*l/(-3) prime?
True
Suppose 2*u - 1 = u, -5*r - 5*u - 15 = 0. Let d be (1934/r*2)/((-2)/4). Suppose d = 2*x + 4*c, -3*c = 4*x - 953 - 2915. Is x a prime number?
True
Let t be 186/(3/(-1))*(-44)/8. Let y = 882 - t. Is y a prime number?
True
Let r = -1 - -22. Let a = -24 + r. Let j(y) = -161*y - 12. Is j(a) composite?
True
Suppose -p + 4 = -0*p. Let w be ((p + -83)*1)/(-1). Let h = 12 + w. Is h a composite number?
True
Let f be ((-1 + 0)*-1)/(15/825). Let y = -52 + f. Suppose -5*c + 586 = y*t, -t + 162 + 15 = -2*c. Is t a composite number?
True
Let q be (-224)/(-120) - (56/30 + -2). Suppose -3*w + 1608 = 3*k - q*w, 4*w - 1599 = -3*k. Is k a prime number?
False
Suppose 20*i + 144 = 44. Let k(p) = 3*p - p - p + 2*p**2 + 20. Is k(i) a composite number?
True
Let c = 68 + -56. Let o(y) = -14*y**3 - 8 - 20*y**2 + 27*y**3 - 3 - 3*y - c*y**3. Is o(21) prime?
True
Suppose 178*y = 153*y + 9429725. Is y prime?
False
Suppose -4 = -s + 4. Let c(k) = -k**3 - 28*k**2 + 2*k - 550. Let o be c(-32). Suppose -o = s*x - 12714. Is x prime?
False
Let i = 205 - 200. Let n(d) = 138*d**3 - d**2 - 2*d + 42. Is n(i) composite?
False
Is -1 - 55508/(-3) - (-1252)/939 composite?
False
Let b(o) = o**2 - 5*o - 45. Let s be b(10). Let l(x) = x**3 + 4*x**2 + 7*x - 9. Is l(s) prime?
True
Is (-2099585)/(-34) + (2*12/16)/(-1) prime?
True
Suppose 0 = -409*j + 432*j - 12439849. Is j a composite number?
False
Let x be 3/15 - 46452/(-15). Let c = x - -5638. Is c prime?
False
Let g(w) be the third derivative of -7*w**6/40 + w**5/30 + 7*w**4/24 + 13*w**3/6 + 2*w**2 - 45*w. Let k = -16 + 12. Is g(k) a composite number?
False
Suppose 0 = -3*s + 24*h - 25*h + 257973, -5*s + 3*h = -429955. Is s a composite number?
False
Suppose 0 = -4*m + 9163448 - 3318340. Is m prime?
False
Let p(v) = -49*v**3 + 2*v**2 + 18*v - 18. Is p(-11) composite?
True
Let q(d) = d**2 + 5*d - 22. Let b be q(-8). Let k be -3 - (b + -2)/(2 + -1). Is 2*679 + 1/((-1)/k) composite?
False
Suppose 3*l + l - 4 = 0. Let c be 2/8 + l/(-4). Suppose c = 7*a - 4*a - 717. Is a a composite number?
False
Suppose 568205 = -11*b - 72776. Is b/(-19) + 34/323 composite?
False
Suppose 5*z - 7 = -7. Suppose z = 3*y + 37549 + 11084. Is (3 - 29/9) + y/(-9) a composite number?
False
Suppose 1108168 = 157*y - 154*y + w, 369396 = y - w. Is y a composite number?
True
Let j(b) be the third derivative of b**6/120 - 7*b**5/60 - 7*b**4/24 - 5*b**3/2 + 13*b**2. Let y be j(8). Let h(p) = -59*p. Is h(y) prime?
False
Let v(p) = 1817*p**2 - 2*p + 1. Let n be (-7 + (-110)/(-15))/((-2)/6). Let s be v(n). Let w = s + -1119. Is w a composite number?
False
Let h be 14/(-35) + 82537/5. Suppose h = 14*y - 9351. Is y composite?
False
Let z(o) = 1903*o**2 - 1435*o + 17. Is z(7) a composite number?
False
Let l(q) = -29781*q - 293. Is l(-8) a composite number?
True
Suppose d + 2107 = 2099, 2*c = d + 3925134. Is c composite?
True
Suppose p = -12*p + 70629. Suppose 0 = 8*b + p - 25601. Is b a composite number?
False
Is ((7/(-7) - -1) + 99405 + 1)/2 prime?
False
Let c(i) be the first derivative of 3*i**4/2 + 7*i**3/3 + 14*i**2 - 4*i - 38. Let m be (72/(-20))/((-12)/30). Is c(m) composite?
False
Let z = -2852 + 7426. Suppose -9*t + 1681 = -z. Is t a composite number?
True
Suppose -2*b = -0*d - 4*d + 318, 5*d - 3*b = 397. Suppose 3*g = 5*r - 17 - 383, r - d = -2*g. Let i = 279 - r. Is i prime?
True
Suppose -3*g + 5*w - 2590 - 135 = 0, -5*w = -4*g - 3635. Let a = g + 2421. Is a prime?
True
Suppose -12*d + 20566 = -7*d - q, -5*q = -2*d + 8231. Suppose 7*i = 4*i + d. Is i a composite number?
True
Let v(c) = 38 + 15*c + 101 - 27*c - 46*c. Is v(-50) a prime number?
False
Suppose 1254*j = 1178*j + 10464820. Is j composite?
True
Let p(a) be the first derivative of -a**4/4 + 26*a**3/3 - 9*a**2/2 + 27*a + 58. Is p(25) a prime number?
False
Let a = -25 - -175. Let m = -147 + a. Suppose -4*q = 12, -2*q - 1941 = -m*g - 4*q. Is g prime?
False
Suppose 4*o = -2*h, -o + 5 = 4*o + 5*h. Let j be 36/(-44) - o - 258/(-33). Is 16325/20 + 6/j prime?
False
Let t = 5275970 - 2653851. Is t a prime number?
True
Suppose -159 = -5*q + 6*q + 5*b, -707 = 5*q + 3*b. Let p = q + 208. Suppose 